{"id":392,"date":"2025-07-27T06:21:53","date_gmt":"2025-07-27T06:21:53","guid":{"rendered":"https:\/\/de.colaw.uobaghdad.edu.iq\/?page_id=392"},"modified":"2025-07-27T06:21:53","modified_gmt":"2025-07-27T06:21:53","slug":"umwelt-und-nachhaltbarkeit","status":"publish","type":"page","link":"https:\/\/de.colaw.uobaghdad.edu.iq\/?page_id=392","title":{"rendered":"Umwelt und Nachhaltbarkeit"},"content":{"rendered":"<h1 style=\"text-align: center;\"><span style=\"font-size: 20px;\">Nachhaltige Entwicklung und ihre sozialen, wirtschaftlichen und \u00f6kologischen Dimensionen<\/span><\/h1>\n<p style=\"text-align: justify;\"><span style=\"font-size: 18px;\">Der Begriff \u201eNachhaltige Entwicklung\u201c wird von den Vereinten Nationen zur Kartierung der globalen \u00f6kologischen sozialen und \u00f6konomischen Entwicklung verwendet. Ihr vorrangiges Ziel ist die Verbesserung der Lebensbedingungen aller Menschen in der Gesellschaft sowie die Entwicklung von Produktionsmitteln und -methoden.\u00a0 Damit wir den Planeten nicht \u00fcberlasten und k\u00fcnftigen Generationen diese Ressourcen nicht entziehen, um die Bed\u00fcrfnisse der gegenw\u00e4rtigen Generation zufriedenzustellen, verwalten wir sie so, dass wir die nat\u00fcrlichen Ressourcen des Planeten nicht ersch\u00f6pfen.<\/span><\/p>\n<p style=\"text-align: justify;\"><span style=\"font-size: 18px;\">Das vorherrschende Missverst\u00e4ndnis bleibt, dass die Erde eine nicht erneuerbare Quelle ist, obwohl viele der nat\u00fcrlichen Ressourcen, die wir f\u00fcr die umfassende Entwicklung unseres Landes nutzen, insbesondere die Energie-, Wasser- und Rohstoffquellen, st\u00e4ndig abnehmen und der weltweite Verbrauch stetig zunimmt.<\/span><\/p>\n<h1 style=\"text-align: justify;\"><span style=\"font-size: 20px;\">Gr\u00fcnfl\u00e4chen in der Fakult\u00e4t f\u00fcr Rechtswissenschaft<\/span><\/h1>\n<p style=\"text-align: justify;\"><span style=\"font-size: 18px;\">Die Fakult\u00e4t f\u00fcr Rechtswissenschaft der Universit\u00e4t Bagdad hat sich besonders f\u00fcr Gr\u00fcnfl\u00e4chen und G\u00e4rten interessiert, da sie f\u00fcr unsere Gesundheit von Bedeutung sind.<\/span><\/p>\n<p style=\"text-align: justify;\"><span style=\"font-size: 18px;\">Zumal heutzutage eine erschreckend gro\u00dfe Menge an Umweltverschmutzung durch Autoabgase verbreitet ist, sind Gr\u00fcnfl\u00e4chen die effektivste Methode zur Reduzierung von Schadstoffen.<\/span><\/p>\n<p style=\"text-align: justify;\"><span style=\"font-size: 18px;\">Sie dienen weiterhin der Reinigung des Sauerstoffs, der wiederum f\u00fcr die Existenz des Menschen unerl\u00e4sslich ist. Reiner Sauerstoff tr\u00e4gt wirksam dazu bei, das Klima zu verbessern und die W\u00fcstenbildung zu verringern.<\/span><\/p>\n<p style=\"text-align: justify;\"><span style=\"font-size: 18px;\">Es bleibt unvergesslich, dass G\u00e4rten einen bedeutenden Einfluss auf die Versorgung mit psychologischer Sicherheit, dem Gef\u00fchl der Natur und der Freude an der Sch\u00f6nheit haben.<\/span><\/p>\n<p style=\"text-align: justify;\"><span style=\"font-size: 18px;\">Es bleibt unvergesslich, dass G\u00e4rten einen bedeutenden Einfluss auf die Versorgung mit psychologischer Sicherheit, dem Gef\u00fchl der Natur und der Freude an der Sch\u00f6nheit haben.<\/span><\/p>\n<p style=\"text-align: justify;\"><span style=\"font-size: 18px;\">Unsere Fakult\u00e4t umfasst eine Reihe von G\u00e4rten verschiedener Gr\u00f6\u00dfen, die etwa 11 % der Gesamtfl\u00e4che ausmachen. Es gibt eine Vielzahl an Pflanzen, darunter immergr\u00fcne B\u00e4ume, B\u00fcsche, Str\u00e4ucher, Palmen und Sitzpl\u00e4tze f\u00fcr Studenten.<\/span><\/p>\n","protected":false},"excerpt":{"rendered":"<p>Nachhaltige Entwicklung und ihre sozialen, wirtschaftlichen und \u00f6kologischen Dimensionen Der Begriff &#8230; <\/p>\n","protected":false},"author":18,"featured_media":0,"parent":0,"menu_order":0,"comment_status":"closed","ping_status":"closed","template":"","meta":{"_lmt_disableupdate":"","_lmt_disable":"","footnotes":""},"class_list":["post-392","page","type-page","status-publish","hentry"],"yoast_head":"<!-- This site is optimized with the Yoast SEO plugin v25.8 - https:\/\/yoast.com\/wordpress\/plugins\/seo\/ -->\n<title>Umwelt und Nachhaltbarkeit - Hochschule f\u00fcr Rechtswissenschaften<\/title>\n<meta name=\"robots\" content=\"index, follow, max-snippet:-1, max-image-preview:large, max-video-preview:-1\" \/>\n<link rel=\"canonical\" href=\"https:\/\/de.colaw.uobaghdad.edu.iq\/?page_id=392\" \/>\n<meta property=\"og:locale\" content=\"de_DE\" \/>\n<meta property=\"og:type\" content=\"article\" \/>\n<meta property=\"og:title\" content=\"Umwelt und Nachhaltbarkeit - Hochschule f\u00fcr Rechtswissenschaften\" \/>\n<meta property=\"og:description\" content=\"Nachhaltige Entwicklung und ihre sozialen, wirtschaftlichen und \u00f6kologischen Dimensionen Der Begriff ...\" \/>\n<meta property=\"og:url\" content=\"https:\/\/de.colaw.uobaghdad.edu.iq\/?page_id=392\" \/>\n<meta property=\"og:site_name\" content=\"Hochschule f\u00fcr Rechtswissenschaften\" \/>\n<meta name=\"twitter:card\" content=\"summary_large_image\" \/>\n<meta name=\"twitter:label1\" content=\"Gesch\u00e4tzte Lesezeit\" \/>\n\t<meta name=\"twitter:data1\" content=\"2\u00a0Minuten\" \/>\n<script type=\"application\/ld+json\" class=\"yoast-schema-graph\">{\"@context\":\"https:\/\/schema.org\",\"@graph\":[{\"@type\":\"WebPage\",\"@id\":\"https:\/\/de.colaw.uobaghdad.edu.iq\/?page_id=392\",\"url\":\"https:\/\/de.colaw.uobaghdad.edu.iq\/?page_id=392\",\"name\":\"Umwelt und Nachhaltbarkeit - Hochschule f\u00fcr Rechtswissenschaften\",\"isPartOf\":{\"@id\":\"https:\/\/de.colaw.uobaghdad.edu.iq\/#website\"},\"datePublished\":\"2025-07-27T06:21:53+00:00\",\"breadcrumb\":{\"@id\":\"https:\/\/de.colaw.uobaghdad.edu.iq\/?page_id=392#breadcrumb\"},\"inLanguage\":\"de\",\"potentialAction\":[{\"@type\":\"ReadAction\",\"target\":[\"https:\/\/de.colaw.uobaghdad.edu.iq\/?page_id=392\"]}]},{\"@type\":\"BreadcrumbList\",\"@id\":\"https:\/\/de.colaw.uobaghdad.edu.iq\/?page_id=392#breadcrumb\",\"itemListElement\":[{\"@type\":\"ListItem\",\"position\":1,\"name\":\"Home\",\"item\":\"https:\/\/de.colaw.uobaghdad.edu.iq\/\"},{\"@type\":\"ListItem\",\"position\":2,\"name\":\"Umwelt und Nachhaltbarkeit\"}]},{\"@type\":\"WebSite\",\"@id\":\"https:\/\/de.colaw.uobaghdad.edu.iq\/#website\",\"url\":\"https:\/\/de.colaw.uobaghdad.edu.iq\/\",\"name\":\"Hochschule f\u00fcr Rechtswissenschaften\",\"description\":\"University of baghdad\",\"potentialAction\":[{\"@type\":\"SearchAction\",\"target\":{\"@type\":\"EntryPoint\",\"urlTemplate\":\"https:\/\/de.colaw.uobaghdad.edu.iq\/?s={search_term_string}\"},\"query-input\":{\"@type\":\"PropertyValueSpecification\",\"valueRequired\":true,\"valueName\":\"search_term_string\"}}],\"inLanguage\":\"de\"}]}<\/script>\n<!-- \/ Yoast SEO plugin. -->","yoast_head_json":{"title":"Umwelt und Nachhaltbarkeit - Hochschule f\u00fcr Rechtswissenschaften","robots":{"index":"index","follow":"follow","max-snippet":"max-snippet:-1","max-image-preview":"max-image-preview:large","max-video-preview":"max-video-preview:-1"},"canonical":"https:\/\/de.colaw.uobaghdad.edu.iq\/?page_id=392","og_locale":"de_DE","og_type":"article","og_title":"Umwelt und Nachhaltbarkeit - Hochschule f\u00fcr Rechtswissenschaften","og_description":"Nachhaltige Entwicklung und ihre sozialen, wirtschaftlichen und \u00f6kologischen Dimensionen Der Begriff ...","og_url":"https:\/\/de.colaw.uobaghdad.edu.iq\/?page_id=392","og_site_name":"Hochschule f\u00fcr Rechtswissenschaften","twitter_card":"summary_large_image","twitter_misc":{"Gesch\u00e4tzte Lesezeit":"2\u00a0Minuten"},"schema":{"@context":"https:\/\/schema.org","@graph":[{"@type":"WebPage","@id":"https:\/\/de.colaw.uobaghdad.edu.iq\/?page_id=392","url":"https:\/\/de.colaw.uobaghdad.edu.iq\/?page_id=392","name":"Umwelt und Nachhaltbarkeit - Hochschule f\u00fcr Rechtswissenschaften","isPartOf":{"@id":"https:\/\/de.colaw.uobaghdad.edu.iq\/#website"},"datePublished":"2025-07-27T06:21:53+00:00","breadcrumb":{"@id":"https:\/\/de.colaw.uobaghdad.edu.iq\/?page_id=392#breadcrumb"},"inLanguage":"de","potentialAction":[{"@type":"ReadAction","target":["https:\/\/de.colaw.uobaghdad.edu.iq\/?page_id=392"]}]},{"@type":"BreadcrumbList","@id":"https:\/\/de.colaw.uobaghdad.edu.iq\/?page_id=392#breadcrumb","itemListElement":[{"@type":"ListItem","position":1,"name":"Home","item":"https:\/\/de.colaw.uobaghdad.edu.iq\/"},{"@type":"ListItem","position":2,"name":"Umwelt und Nachhaltbarkeit"}]},{"@type":"WebSite","@id":"https:\/\/de.colaw.uobaghdad.edu.iq\/#website","url":"https:\/\/de.colaw.uobaghdad.edu.iq\/","name":"Hochschule f\u00fcr Rechtswissenschaften","description":"University of baghdad","potentialAction":[{"@type":"SearchAction","target":{"@type":"EntryPoint","urlTemplate":"https:\/\/de.colaw.uobaghdad.edu.iq\/?s={search_term_string}"},"query-input":{"@type":"PropertyValueSpecification","valueRequired":true,"valueName":"search_term_string"}}],"inLanguage":"de"}]}},"_links":{"self":[{"href":"https:\/\/de.colaw.uobaghdad.edu.iq\/index.php?rest_route=\/wp\/v2\/pages\/392","targetHints":{"allow":["GET"]}}],"collection":[{"href":"https:\/\/de.colaw.uobaghdad.edu.iq\/index.php?rest_route=\/wp\/v2\/pages"}],"about":[{"href":"https:\/\/de.colaw.uobaghdad.edu.iq\/index.php?rest_route=\/wp\/v2\/types\/page"}],"author":[{"embeddable":true,"href":"https:\/\/de.colaw.uobaghdad.edu.iq\/index.php?rest_route=\/wp\/v2\/users\/18"}],"replies":[{"embeddable":true,"href":"https:\/\/de.colaw.uobaghdad.edu.iq\/index.php?rest_route=%2Fwp%2Fv2%2Fcomments&post=392"}],"version-history":[{"count":1,"href":"https:\/\/de.colaw.uobaghdad.edu.iq\/index.php?rest_route=\/wp\/v2\/pages\/392\/revisions"}],"predecessor-version":[{"id":393,"href":"https:\/\/de.colaw.uobaghdad.edu.iq\/index.php?rest_route=\/wp\/v2\/pages\/392\/revisions\/393"}],"wp:attachment":[{"href":"https:\/\/de.colaw.uobaghdad.edu.iq\/index.php?rest_route=%2Fwp%2Fv2%2Fmedia&parent=392"}],"curies":[{"name":"wp","href":"https:\/\/api.w.org\/{rel}","templated":true}]}}